 (2*r)/(0 + 1).
2
Let q(r) = r + 5. Let u be q(-5). Let p = u - -14. What are the prime factors of p?
2, 7
Let d(j) be the second derivative of -j**5/20 + j**4/2 + 7*j**2/2 + j. List the prime factors of d(6).
7
Suppose -3*p = 8*o - 7*o - 33, -27 = -o + 3*p. What are the prime factors of o?
2, 3, 5
Suppose -8*b + 734 = -370. List the prime factors of b.
2, 3, 23
Let a(m) = -4*m - 1. Let k be a(8). Let d = -20 - k. What are the prime factors of d?
13
List the prime factors of 1/5 - (-492)/15.
3, 11
Let l(i) = i**3 + 6*i**2 - 9*i - 8. Let b be l(-7). What are the prime factors of 1/((b/(-4))/(-3))?
2
What are the prime factors of (116/3)/((-5)/(2 - 17))?
2, 29
Let f(t) = -2 - 1 + 3*t**2 + t**3 + t**2. What are the prime factors of f(-3)?
2, 3
Suppose 13*x - 1464 = 7*x. List the prime factors of x.
2, 61
Suppose 2*c + 2*t = 130, t + 280 = -c + 5*c. What are the prime factors of c?
3, 23
Let n = 28 + -19. Let y be 1*2*(-2)/(-4). Let l = y + n. What are the prime factors of l?
2, 5
Suppose 5*u + c = 235, 0 = -u + c - 4*c + 33. What are the prime factors of 1352/u + 2/(-12)?
2, 7
Let f = -2 + 6. Suppose f*l - 38 = 3*n, 5*l + 3*n - 2*n = 57. What are the prime factors of l?
11
Let m = 52 - -43. Suppose i + 4*i = m. List the prime factors of i.
19
Suppose 3*a + 6 = -5*t + 1, -2*a + 3*t = -22. Suppose -a*r + 21 = j, 7*j + 25 = r + 2*j. What are the prime factors of r?
5
Let z = -32 - -90. List the prime factors of z.
2, 29
Suppose 5*r - 15 = 5*k, -1 = 5*k + 2*r - 0. Let v(x) = -x - 1. Let f be v(3). Let h = k - f. List the prime factors of h.
3
Suppose -2*a = a - 21. Let r(n) = n - 2. List the prime factors of r(a).
5
Suppose -8*x - 609 = -3369. What are the prime factors of x?
3, 5, 23
Let h = -12 - -17. Let s = h - -30. List the prime factors of s.
5, 7
Let c = -5 - -13. Suppose i - 5*i = -c. Suppose d + 2*g = -i*d + 68, d - 3*g - 8 = 0. What are the prime factors of d?
2, 5
Let t(a) = a + 1. Let i be t(1). Suppose d = i*d - 15. What are the prime factors of d?
3, 5
Suppose 11 = g - 2*a, -5*g - 2*a + 70 = -7*a. What are the prime factors of g?
17
Let y be (-46 - 1) + 1 + -2. Let m = -24 - y. What are the prime factors of m?
2, 3
Let p = 33 + 35. List the prime factors of p.
2, 17
Let t(l) = l**3 - 3*l**2 + 3. Let j be t(3). Let c be (-1)/(150/51 - j). Let b = 33 - c. List the prime factors of b.
2
Let b(d) = -d**2 - 5*d + 4. Let t be b(-5). Suppose -t*s + 15 + 93 = 0. Let j = -13 + s. List the prime factors of j.
2, 7
Let j = 23 - 21. Suppose -g = -43 - j. What are the prime factors of g?
3, 5
Suppose -p = -6 - 3. Suppose -p = -4*v + 3. Suppose -2*h - 11 = 5*u, -6 = 3*h + u + v*u. What are the prime factors of h?
2
Suppose 0 = -5*l + 2 + 23. Suppose -l = -y + 3. List the prime factors of y.
2
Let t be -6*3/(-3) - 1. Suppose 0 = -t*r + 2*r. Suppose 5*i + 21 = -r*f + 3*f, 2*f + 5*i - 39 = 0. List the prime factors of f.
2, 3
Let a = 17 - 30. Let h = a + 42. List the prime factors of h.
29
Suppose -3*g + 3*z - 4 = z, 4*z - 8 = -5*g. Suppose g*t - 2*t = -4. List the prime factors of (3 - -1)/(1/t).
2
Let v(z) = -17*z. List the prime factors of v(-1).
17
Let m = -68 + 130. What are the prime factors of m?
2, 31
Suppose -2*y = y + 5*n - 186, 0 = 2*n. Let q = -36 + y. List the prime factors of q.
2, 13
Let a(x) = x**3 - 10*x**2 - 13*x + 16. Let k be a(11). Let u = 36 - k. What are the prime factors of u?
2, 3, 7
What are the prime factors of (-9)/(-6) + 273/6?
47
What are the prime factors of ((-1888)/(-14))/1 + (-2)/(-14)?
3, 5
Let j = 7 - 3. Let d = -7 + j. List the prime factors of -3*1/d + 1.
2
Let m(v) = v**2 - 4*v - 2. What are the prime factors of m(5)?
3
Let b be (-150)/8 - (-3)/(-12). Let r = b - 5. Let g = -7 - r. What are the prime factors of g?
17
Let v(r) = 3*r**2 + 2*r + 2. Let q(f) = 14*f**2 + 10*f + 11. Let h(g) = -2*q(g) + 11*v(g). What are the prime factors of h(-2)?
2
Let s = 32 + -19. Suppose 0 = 5*j + 4*u - s, u = -2*j - 4*u - 5. Suppose -j = -2*k + k. What are the prime factors of k?
5
Suppose 2*l - 15 = 71. List the prime factors of l.
43
Let z(a) = -9*a**2 + 1. Suppose -3*d + 15 = -8*d, -4*k + 4*d + 8 = 0. Let v be z(k). List the prime factors of ((-15)/(-20))/((-2)/v).
3
Let p(z) = -z**2 + 9*z - 8. Let a be p(6). Let m be (42/35)/(6/20). Suppose m*n + a = -w + 2*w, 8 = 4*n. What are the prime factors of w?
2, 3
Suppose -r + 2*r = 8. Suppose -3*g + 4 + r = 0. List the prime factors of g.
2
Let m = 3 - 4. Let r = m - -2. Let a = r - -3. What are the prime factors of a?
2
Let t(d) = 0 + 4 - 10*d + 9*d**2 - 4 + 5 - d**3. What are the prime factors of t(7)?
3, 11
Suppose -12*x = -21*x + 315. List the prime factors of x.
5, 7
Let b(x) = -x**3 - 2*x**2 + 3. Let z(r) be the third derivative of r**4/24 - 5*r**3/3 + 3*r**2. Let j be z(7). What are the prime factors of b(j)?
2, 3
Let b(w) = -2*w**2 + 5*w - 6. Let o(d) = -3*d**2 + 9*d - 13. Let x(s) = 5*b(s) - 3*o(s). List the prime factors of x(0).
3
Let a(v) = -v**3 - 7*v**2 - 9*v - 5. Let m be a(-6). Suppose -3*b - 2*i = -34, b + i + m = 2*b. What are the prime factors of b?
2, 3
Suppose 0 = -4*u - u. Let b = -15 + 21. Suppose k + 3*l + b = u, 2*k + 3 = -l + 11. List the prime factors of k.
2, 3
Suppose -3*c + 7*c + 53 = 3*j, -5*c = j - 24. Suppose 3*q - j = 14. Let v = q - 3. List the prime factors of v.
2
Let r be (17/(-3))/(3/27). Let f = 1 - r. Suppose -2*v + 5*h + 2 = -15, -5*v = -3*h - f. What are the prime factors of v?
11
Let h(d) = 2*d**2 + 7*d + 5. Let s be h(-4). Suppose -2 = 8*m - s*m. What are the prime factors of m?
2
Let v(p) = p**3 + 12*p**2 + 5*p + 6. List the prime factors of v(-5).
2, 3, 13
Let p(b) = -8*b + 1. Let i(n) = -7*n + 1. Let q(d) = d**3 - 8*d**2 + 9*d - 9. Let s be q(7). Let a(c) = s*i(c) - 6*p(c). What are the prime factors of a(1)?
2, 3
Let w = 4 - -2. Suppose 26 = 2*h - 3*t, -w*h - t = -h - 82. List the prime factors of h.
2
Let w be (-2)/(-4) - 177/(-6). Let u = w - 18. List the prime factors of u.
2, 3
Let w(n) = 9*n**3 - 20*n**2 + 2*n + 35. Let o(f) = 4*f**3 - 10*f**2 + f + 17. Let x(m) = 7*o(m) - 3*w(m). What are the prime factors of x(10)?
2, 3
Let b = 5 + -5. Suppose b = -2*z + 2*u - 3*u + 10, 6 = -2*z - 5*u. What are the prime factors of z?
7
Let f = -6 - -6. Let u = 1 + f. Let l(g) = 11*g + 1. List the prime factors of l(u).
2, 3
Suppose 5*i = 13 + 7. Let a be 1/1*(86 - 0). What are the prime factors of i/(-14) + a/7?
2, 3
Let y = 3 - 3. List the prime factors of -5 - -34 - (y - 0).
29
Suppose 4*u - 2*u - 28 = 0. Suppose -b - 6 + u = 0. Let y = 3 + b. List the prime factors of y.
11
Suppose 5*k = -4*m + 4*k + 33, m = k + 7. Let a(o) = 3*o + 10. List the prime factors of a(m).
2, 17
Let b be (-1 + -7)*10/8. Let d be 1/(-1*(-2)/54). Let j = b + d. List the prime factors of j.
17
Suppose -2*p + 7*p = -3*j + 148, -4*p - 157 = -3*j. Let n = -24 + j. Let t = 39 - n. List the prime factors of t.
2, 3
Let n = -20 + 36. Let z be (1 - -1)/((-4)/8). Let q = n + z. List the prime factors of q.
2, 3
Let r = 594 + -348. What are the prime factors of r?
2, 3, 41
Let i = -8 - -12. Let c be (i - 2)*1 - -17. Suppose -5*p + 5*z = -50, 0 = -5*p - z + 19 + c. List the prime factors of p.
2
Let v be (-8)/(-24)*591*3. Suppose 3*n = 6, v = 5*x - 3*n - 213. Suppose x - 55 = 5*q - w, -5*q + 4*w = -113. What are the prime factors of q?
3, 7
Let n be (-4)/20 - (-1)/5. Suppose -j + 4 + 4 = n. What are the prime factors of 2/j - (-44)/16?
3
Suppose -5*j = -10 - 15, 12 = -o + 3*j. List the prime factors of o + -1 - 1*-6.
2
Let a = 5 + -2. Suppose a*p - 31 = 20. What are the prime factors of p?
17
Suppose 0 = 3*h - 6*h. Suppose 4*i - 48 - 40 = h. List the prime factors of i.
2, 11
Let g = 7 + 1. List the prime factors of g.
2
Suppose 7 = 3*n - 2. Let j(f) = f - 1. Let c be j(3). Suppose c + n = r, p + 8 = 4*r. What are the prime factors of p?
2, 3
Suppose -27 + 7 = -4*q. List the prime factors of q.
5
Suppose 9 = 3*r + 3*j, 4*j - 2*j = 3*r - 4. Suppose r*t - 28 = v + 11, -8 = t + 5*v. What are the prime factors of t?
17
Let x(z) = z**2 + 10*z - 8. List the prime factors of x(-14).
2, 3
Suppose 66 = 3*d + 18. What are the prime factors of d?
2
Let u = 19 + -15. List the prime factors of u.
2
Suppose 0 = -2*k + 4*k + 40. Suppose 0 = -5*c + z - 28, 3*c - 7*c + 2*z = 20. What are t